{"id":8,"date":"2020-08-17T09:57:06","date_gmt":"2020-08-17T09:57:06","guid":{"rendered":"https:\/\/cs.bstcm.no\/manglerud-senter\/?page_id=8"},"modified":"2020-08-17T13:06:56","modified_gmt":"2020-08-17T13:06:56","slug":"lag-din-egen-bamse","status":"publish","type":"page","link":"https:\/\/cs.bstcm.no\/manglerud-senter\/lag-din-egen-bamse\/","title":{"rendered":"Lag din egen bamse"},"content":{"rendered":"<div id=\"pl-8\"  class=\"panel-layout\" ><div id=\"pg-8-0\"  class=\"panel-grid panel-has-style\" ><div class=\"panel-row-style panel-row-style-for-8-0\" ><div id=\"pgc-8-0-0\"  class=\"panel-grid-cell panel-grid-cell-empty\" ><\/div><div id=\"pgc-8-0-1\"  class=\"panel-grid-cell panel-grid-cell-mobile-last\" ><div id=\"panel-8-0-1-0\" class=\"so-panel widget_sow-image panel-first-child\" data-index=\"0\" ><div\n\t\t\t\n\t\t\tclass=\"so-widget-sow-image so-widget-sow-image-default-dbf295114b96-8\"\n\t\t\t\n\t\t>\n<div class=\"sow-image-container\">\n\t\t<img \n\tsrc=\"https:\/\/d2qgvphfb16l8s.cloudfront.net\/manglerud-senter\/wp-content\/uploads\/sites\/90\/2020\/08\/Build-a-bear.jpg\" width=\"1900\" height=\"1425\" srcset=\"https:\/\/d2qgvphfb16l8s.cloudfront.net\/manglerud-senter\/wp-content\/uploads\/sites\/90\/2020\/08\/Build-a-bear.jpg 1900w, https:\/\/d2qgvphfb16l8s.cloudfront.net\/manglerud-senter\/wp-content\/uploads\/sites\/90\/2020\/08\/Build-a-bear-768x576.jpg 768w, https:\/\/d2qgvphfb16l8s.cloudfront.net\/manglerud-senter\/wp-content\/uploads\/sites\/90\/2020\/08\/Build-a-bear-1536x1152.jpg 1536w\" sizes=\"(max-width: 1900px) 100vw, 1900px\" alt=\"\" \t\tclass=\"so-widget-image\"\/>\n\t<\/div>\n\n<\/div><\/div><div id=\"panel-8-0-1-1\" class=\"so-panel widget_sow-editor\" data-index=\"1\" ><div class=\"panel-widget-style panel-widget-style-for-8-0-1-1\" ><div\n\t\t\t\n\t\t\tclass=\"so-widget-sow-editor so-widget-sow-editor-base\"\n\t\t\t\n\t\t><h1>Lag din egen bamse<\/h1>\n<div class=\"siteorigin-widget-tinymce textwidget\">\n\t<p><strong>L\u00f8rdag 22. august p\u00e5 Manglerud Senter<\/strong><\/p>\n<p>Her f\u00e5r barna velge sin bamse og fylle den sammen med bamsemakeren. Tilslutt f\u00e5r barna med seg en f\u00f8dselsattest for sin nye bamse. Arrangementet starter kl. 12.00 for de som har skaffet seg billett.<\/p>\n<p>Du vil motta bekreftelse dersom du har f\u00e5tt sikret deg billett. For de som ikke har skaffet seg billetter via appen deler vi ut 50 billetter mellom kl. 13 og 14 i 2. etasje p\u00e5 Manglerud senter. Disse billettene kan brukes hos bamsemakeriet fra klokken 14.<\/p>\n<p>Obs! Begrenset antall billetter.<\/p>\n<p>ARRANGEMENTET ER GRATIS OG GJELDER KUN FOR KUNDEKLUBB MEDLEMMER.<br \/>\n<a href=\"https:\/\/member.bstcm.no\/manglerud-senter\" target=\"_blank\" rel=\"noopener noreferrer\">Bli medlem her<\/a><\/p>\n<\/div>\n<\/div><\/div><\/div><div id=\"panel-8-0-1-2\" class=\"so-panel widget_sow-accordion\" data-index=\"2\" ><div\n\t\t\t\n\t\t\tclass=\"so-widget-sow-accordion so-widget-sow-accordion-default-2137068e4889-8\"\n\t\t\t\n\t\t><div>\n\t<div class=\"sow-accordion\">\n\t\t\t<div class=\"sow-accordion-panel\n\t\t\t\t\t\"\n\t\t\t\tdata-anchor-id=\"meld-deg-pa-her\">\n\t\t\t\t\t<div class=\"sow-accordion-panel-header-container\" role=\"heading\" aria-level=\"2\">\n\t\t\t\t\t<div class=\"sow-accordion-panel-header\" tabindex=\"0\" role=\"button\" id=\"accordion-label-meld-deg-p%c3%a5-her\" aria-controls=\"accordion-content-meld-deg-p%c3%a5-her\" aria-expanded=\"false\">\n\t\t\t\t\t\t<div class=\"sow-accordion-title sow-accordion-title-icon-left\">\n\t\t\t\t\t\t\t\t\t\t\t\t\t\tMeld deg p\u00e5 her\t\t\t\t\t\t\t\t\t\t\t\t\t<\/div>\n\t\t\t\t\t\t<div class=\"sow-accordion-open-close-button\">\n\t\t\t\t\t\t\t<div class=\"sow-accordion-open-button\">\n\t\t\t\t\t\t\t\t<span class=\"sow-icon-ionicons\" data-sow-icon=\"&#xf218;\"\n\t\t \n\t\taria-hidden=\"true\"><\/span>\t\t\t\t\t\t\t<\/div>\n\t\t\t\t\t\t\t<div class=\"sow-accordion-close-button\">\n\t\t\t\t\t\t\t\t<span class=\"sow-icon-ionicons\" data-sow-icon=\"&#xf209;\"\n\t\t \n\t\taria-hidden=\"true\"><\/span>\t\t\t\t\t\t\t<\/div>\n\t\t\t\t\t\t<\/div>\n\t\t\t\t\t<\/div>\n\t\t\t\t<\/div>\n\n\t\t\t<div\n\t\t\t\tclass=\"sow-accordion-panel-content\"\n\t\t\t\trole=\"region\"\n\t\t\t\taria-labelledby=\"accordion-label-meld-deg-p%c3%a5-her\"\n\t\t\t\tid=\"accordion-content-meld-deg-p%c3%a5-her\"\n\t\t\t\tstyle=\"display: none;\"\t\t\t>\n\t\t\t\t<div class=\"sow-accordion-panel-border\">\n\t\t\t\t\t<p>\n<div class=\"wpcf7 no-js\" id=\"wpcf7-f5-o1\" lang=\"nb-NO\" dir=\"ltr\" data-wpcf7-id=\"5\">\n<div class=\"screen-reader-response\"><p role=\"status\" aria-live=\"polite\" aria-atomic=\"true\"><\/p> <ul><\/ul><\/div>\n<form action=\"\/manglerud-senter\/wp-json\/wp\/v2\/pages\/8#wpcf7-f5-o1\" method=\"post\" class=\"wpcf7-form init\" aria-label=\"Contact form\" novalidate=\"novalidate\" data-status=\"init\">\n<fieldset class=\"hidden-fields-container\"><input type=\"hidden\" name=\"_wpcf7\" value=\"5\" \/><input type=\"hidden\" name=\"_wpcf7_version\" value=\"6.1.5\" \/><input type=\"hidden\" name=\"_wpcf7_locale\" value=\"nb_NO\" \/><input type=\"hidden\" name=\"_wpcf7_unit_tag\" value=\"wpcf7-f5-o1\" \/><input type=\"hidden\" name=\"_wpcf7_container_post\" value=\"0\" \/><input type=\"hidden\" name=\"_wpcf7_posted_data_hash\" value=\"\" \/>\n<\/fieldset>\n<div class=\"field\">\n\t<legend>Navn*\n\t<\/legend>\n\t<p><span class=\"wpcf7-form-control-wrap\" data-name=\"your-name\"><input size=\"40\" maxlength=\"400\" class=\"wpcf7-form-control wpcf7-text\" aria-invalid=\"false\" value=\"\" type=\"text\" name=\"your-name\" \/><\/span>\n\t<\/p>\n<\/div>\n<div class=\"field\">\n\t<legend>Telefonnummer*\n\t<\/legend>\n\t<p><span class=\"wpcf7-form-control-wrap\" data-name=\"your-number\"><input size=\"40\" maxlength=\"400\" class=\"wpcf7-form-control wpcf7-text\" aria-invalid=\"false\" value=\"\" type=\"text\" name=\"your-number\" \/><\/span>\n\t<\/p>\n<\/div>\n<div class=\"field\">\n\t<legend>E-post*\n\t<\/legend>\n\t<p><span class=\"wpcf7-form-control-wrap\" data-name=\"e-mail\"><input size=\"40\" maxlength=\"400\" class=\"wpcf7-form-control wpcf7-text wpcf7-validates-as-required\" aria-required=\"true\" aria-invalid=\"false\" value=\"\" type=\"text\" name=\"e-mail\" \/><\/span>\n\t<\/p>\n<\/div>\n<div class=\"field\">\n<div class=\"wpcf7-response-output\" aria-hidden=\"true\"><\/div>\n\t<p><input class=\"wpcf7-form-control wpcf7-submit has-spinner\" type=\"submit\" value=\"Send\" \/>\n\t<\/p>\n<\/div>\n<\/form>\n<\/div>\n<\/p>\n\t\t\t\t<\/div>\n\t\t\t<\/div>\n\t\t<\/div>\n\t\t<\/div>\n<\/div>\n<\/div><\/div><div id=\"panel-8-0-1-3\" class=\"so-panel widget_sow-editor panel-last-child\" data-index=\"3\" ><div class=\"panel-widget-style panel-widget-style-for-8-0-1-3\" ><div\n\t\t\t\n\t\t\tclass=\"so-widget-sow-editor so-widget-sow-editor-base\"\n\t\t\t\n\t\t>\n<div class=\"siteorigin-widget-tinymce textwidget\">\n\t<h4>Smittevern<\/h4>\n<p>Reduser smitte ved \u00e5 holde 1 meter avstand i k\u00f8en. Maks. 25 familier (1 barn + 1 voksen) kan st\u00e5 i k\u00f8 om gangen. Er k\u00f8en full, ber vi deg komme tilbake litt senere. Det m\u00e5 p\u00e5regnes ventetid, men det er satt av tid til alle som har f\u00e5tt billett.<\/p>\n<p><strong>Symptomer<\/strong><br \/>\nDersom du har forkj\u00f8lelsessymptomer eller f\u00f8ler deg syk m\u00e5 du ikke g\u00e5 inn p\u00e5 senteret<\/p>\n<p><strong>Karantene<\/strong><br \/>\nEr du i karantene skal du ikke g\u00e5 inn p\u00e5 senteret eller i butikkene.<\/p>\n<p><strong>H\u00e5ndvask<\/strong><br \/>\nS\u00f8rg for \u00e5 ha god h\u00e5ndhygiene.<\/p>\n<\/div>\n<\/div><\/div><\/div><\/div><div id=\"pgc-8-0-2\"  class=\"panel-grid-cell panel-grid-cell-empty\" ><\/div><\/div><\/div><\/div>","protected":false},"excerpt":{"rendered":"<p>L\u00f8rdag 22. august p\u00e5 Manglerud Senter Her f\u00e5r barna velge sin bamse og fylle den sammen med bamsemakeren. [&hellip;]<\/p>\n","protected":false},"author":9,"featured_media":0,"parent":0,"menu_order":0,"comment_status":"closed","ping_status":"closed","template":"manglerud.php","meta":{"footnotes":""},"class_list":["post-8","page","type-page","status-publish","hentry"],"_links":{"self":[{"href":"https:\/\/cs.bstcm.no\/manglerud-senter\/wp-json\/wp\/v2\/pages\/8","targetHints":{"allow":["GET"]}}],"collection":[{"href":"https:\/\/cs.bstcm.no\/manglerud-senter\/wp-json\/wp\/v2\/pages"}],"about":[{"href":"https:\/\/cs.bstcm.no\/manglerud-senter\/wp-json\/wp\/v2\/types\/page"}],"author":[{"embeddable":true,"href":"https:\/\/cs.bstcm.no\/manglerud-senter\/wp-json\/wp\/v2\/users\/9"}],"replies":[{"embeddable":true,"href":"https:\/\/cs.bstcm.no\/manglerud-senter\/wp-json\/wp\/v2\/comments?post=8"}],"version-history":[{"count":18,"href":"https:\/\/cs.bstcm.no\/manglerud-senter\/wp-json\/wp\/v2\/pages\/8\/revisions"}],"predecessor-version":[{"id":28,"href":"https:\/\/cs.bstcm.no\/manglerud-senter\/wp-json\/wp\/v2\/pages\/8\/revisions\/28"}],"wp:attachment":[{"href":"https:\/\/cs.bstcm.no\/manglerud-senter\/wp-json\/wp\/v2\/media?parent=8"}],"curies":[{"name":"wp","href":"https:\/\/api.w.org\/{rel}","templated":true}]}}